uppose -h*w - 810 = -5*y, -5*w = 4*y - y - 517. What are the prime factors of y?
2, 41
Let f(j) = 4*j**2 - 16*j - 5. Let u be f(7). Suppose 0 = -u*c + 84*c - 2855. List the prime factors of c.
571
Let q = -66 - -134. Let o be 272/(-40) + 6 + q/10. What are the prime factors of (-170)/(-5)*-9*(-3)/o?
3, 17
Let p = 241 + -421. Let t = 386 + p. What are the prime factors of t?
2, 103
Let a(h) = h - 29. Let v be a(33). Let i(p) = 17*p**3 + 3*p**2 - 4*p + 10. List the prime factors of i(v).
2, 5, 113
Suppose 493 + 11 = -3*l + 3*w, 0 = -2*l + 5*w - 327. What are the prime factors of (-13)/(3*1/l)?
3, 13, 19
Let o = -284 - -451. Suppose p + p - 72 = 0. Let f = o - p. What are the prime factors of f?
131
Let x(b) = 4*b**3 - b + 1. Let t be x(1). Suppose n + 2 - 5 = 0, 0 = t*y + 5*n - 43. Suppose -y*v + 42 = -469. List the prime factors of v.
73
Suppose -2147 = 3*c - 14390. Suppose -9*h - 571 = -c. What are the prime factors of h?
2, 3, 5, 13
Suppose -22*b + 229022 = 81556. What are the prime factors of b?
6703
Suppose -57*n = -2*i - 62*n + 7698, -5*i - 4*n = -19245. What are the prime factors of i?
3, 1283
Suppose -56*r + 68*r = 27*r - 327990. List the prime factors of r.
2, 13, 29
Suppose -5*k + 4855 = -5*j, 5*k + 4*j - 4647 = 253. Let r = k + -602. What are the prime factors of r?
2, 11, 17
Suppose 0 = -2*d + 4, 0 = u + 3*u - 5*d - 2. Suppose 4*s - 4*f - 724 = 0, 2*f + u*f + 181 = s. List the prime factors of s.
181
Let i = -44 + 1343. What are the prime factors of i?
3, 433
Suppose 83228 = 2*z + 2*a, -49379 + 174241 = 3*z - 2*a. List the prime factors of z.
2, 20809
Let o(r) = -86*r**3 + 16*r**2 - 5*r - 9. What are the prime factors of o(-2)?
3, 251
Suppose -8 = 19*b - 23*b. Suppose 0*r + b*r - 3*x - 95 = 0, 0 = -5*r - 5*x + 175. List the prime factors of (-2)/(((-45)/r)/9).
2
Suppose 5*m = 5*n + 750, 3*m - 330 = n + 126. Suppose 0 = -4*s - 4*x + 363 + 285, s - 2*x - m = 0. Let v = s - 70. List the prime factors of v.
89
Suppose 0 = 4*p - p - 813. Suppose 5*j + z - p = -z, j = -3*z + 49. List the prime factors of j.
5, 11
Suppose 3*g + 5*i - 79737 = 0, -713*g + 717*g = i + 106293. What are the prime factors of g?
2, 3, 43, 103
Let m(q) = 304*q + 14. Let c be m(-1). Let k = c + 538. List the prime factors of k.
2, 31
Let u = 28 - 28. Let n = 21 - u. Let l = 100 - n. List the prime factors of l.
79
Suppose 10*a - 68560 = -2*r, -2*a - 20568 = -5*a - 2*r. List the prime factors of a.
2, 857
Let n be 62/5 + (14/(-35) - 0). Let u be 9/12 - (-63)/n. What are the prime factors of (2985/u)/(-5)*(-3 - -1)?
199
Let u(r) be the first derivative of r**3/3 - 9*r**2/2 + 46*r - 99. What are the prime factors of u(25)?
2, 223
Let i be 1/(-1 - 104/(-103)). Suppose 0 = -2*g - 31 + i. Suppose -5*l + 0*l - g = -k, 86 = 3*k - 4*l. List the prime factors of k.
2, 13
Suppose m - 30 = -0*m. Let h = m + -26. Suppose -f = h*f - 725. List the prime factors of f.
5, 29
Let r(a) = -89*a + 261. What are the prime factors of r(-10)?
1151
What are the prime factors of -1148*75/(-100)*(-1)/(-3)*161?
7, 23, 41
Suppose -37969 = -4*w - q, 140*w - 137*w = -5*q + 28498. List the prime factors of w.
9491
Let v(j) = 1705*j**3 + 2*j**2 + 33*j - 65. What are the prime factors of v(2)?
13649
Suppose -10*p = -3*q - 14*p + 400, 0 = -4*q - 3*p + 531. Let u = 1273 + q. What are the prime factors of u?
5, 281
Suppose -s + 0*s - 4 = -3*w, 0 = -w + 4*s + 16. Suppose w = l - 2*g - 345, 3*l = 43*g - 42*g + 1035. What are the prime factors of l?
3, 5, 23
Suppose -3*w + 2*h + 30928 - 8718 = 0, 5*w = h + 37026. What are the prime factors of w?
2, 7, 23
Let z = -8543 - -22588. What are the prime factors of z?
5, 53
Let g(i) = -4*i**2 - 24*i - 30. Let l be g(-26). Let t = 3185 + l. What are the prime factors of t?
5, 43
Let r = -291 - -295. Suppose r*x = 2*o - 1394, -4*o + o - x + 2098 = 0. List the prime factors of o.
3, 233
Suppose 1189 = 14*l - 3137. What are the prime factors of -4 + l*28/12?
3, 239
Suppose -3*o - 6 = -4*c, o + 5*c + 13 = 30. What are the prime factors of (-36968)/(-48) + 8 - o/12?
2, 389
Let k(h) = h + 105. Let c(q) = 2*q + 104. Let s(t) = -6*c(t) + 7*k(t). What are the prime factors of s(-9)?
2, 3, 13
Suppose v = 3, v + 0*v = 4*n + 235. Let q = -92 - n. Let f = q - -36. What are the prime factors of f?
2
Let v(t) = 472*t**2 + 76*t - 82. What are the prime factors of v(-10)?
2, 13, 1783
Let w(o) = 4059 - 7537 + 107*o + 3821. List the prime factors of w(12).
1627
Let p = -178 - -178. Suppose p = 9*j - 6*j - 459. List the prime factors of j.
3, 17
Suppose -13*n - 5*j - 140 = -18*n, -3*j = -9. Suppose -7*i + 801 = n. What are the prime factors of i?
2, 5, 11
Let n = 8 - 7. Let r be -1 - -5*90 - (n - 4). Suppose 26*k - r = 24*k. List the prime factors of k.
2, 113
What are the prime factors of (517/22)/(-47)*-142036?
2, 35509
Suppose 3*u = 5*i - 112, -4*u - 111 = -3*i + 31. Suppose -7*h + 535 = 45. Let v = h + u. List the prime factors of v.
2, 3
Let n = 1810 + 1423. What are the prime factors of n?
53, 61
List the prime factors of (52/18)/((-142)/(-160389)).
13, 251
What are the prime factors of 4 + -4 + 7 + (12688 - -5)?
2, 5, 127
Suppose -1485 = -7*j + 2*j + 4*m, j + 3*m - 278 = 0. What are the prime factors of 3/(1 + (-290)/j)?
293
Let m(y) = -y**3 - 30 + 8*y**2 + 6*y**2 + 49 - 6*y. Let h be m(13). Let z = h - 8. What are the prime factors of z?
2, 3, 17
Let f(t) be the second derivative of -17*t - 1/2*t**3 + 3*t**2 + 1/20*t**5 + 0 + 3/4*t**4. List the prime factors of f(-5).
11
Let o(t) = -2*t**2 - 16*t - 6. Let i be o(-8). List the prime factors of (35/2)/(i*(-8)/288).
3, 5, 7
Let n be 381/(-5) - (-90)/(-50). Let l = n + 812. List the prime factors of l.
2, 367
Let i be (4/6)/((66/(-27))/(-11)). Suppose -a - i = -1. List the prime factors of (-2 - 7/a)*1090/15.
109
Suppose 0 = -136*c + 201*c - 131924 - 384111. List the prime factors of c.
17, 467
Let s(m) = -3*m - 24. Let z be s(-8). Suppose y - 11 = o, z*y - 2*y = -3*o - 22. Let c = y - -21. List the prime factors of c.
2
Suppose 0 = 2*r - 27 - 5. Suppose 529 + 127 = r*f. What are the prime factors of f?
41
Let j = 6153 + 11085. List the prime factors of j.
2, 3, 13, 17
Suppose -w - 8 = 2*c - 7, 3*w - 19 = 5*c. List the prime factors of (w - 0)/((-8)/(-2200)).
3, 5, 11
Let i be 6/45 - 5377/(-285). Let k = 175 + -87. Let l = k - i. What are the prime factors of l?
3, 23
Let z(x) = -279*x**3 - 3*x**2 - 4*x - 2. Let r be z(-1). Let d = r + -164. What are the prime factors of d?
2, 3, 19
Let i = 116 - 154. Let n = 38 + 22. Let y = i + n. List the prime factors of y.
2, 11
Let m(y) = 2777*y + 125. What are the prime factors of m(8)?
3, 11, 677
Let u = -549 + 593. Suppose 0 = -29*j - u*j + 69350. What are the prime factors of j?
2, 5, 19
Let j(b) be the first derivative of 13*b**3/3 - 6*b**2 + 27*b - 10. List the prime factors of j(5).
2, 73
Let j = -121 - -144. Suppose j*f = 15*f + 1368. What are the prime factors of f?
3, 19
Suppose 2*v = -w + 6, -3*w - 5*v = -2*v - 15. Suppose 0 = -5*q + a + 6591, -4*q = q + w*a - 6586. List the prime factors of q.
2, 659
Let s(m) be the third derivative of m**4/12 - m**3 + 15*m**2. Let t be s(5). Suppose t*l - 14 = 34. List the prime factors of l.
2, 3
Suppose 20*u - 10006 = -3*z + 19*u, 0 = 5*z - u - 16658. What are the prime factors of z?
3, 11, 101
Let f(y) = y**2 + 4*y - 11. Let d be f(-6). Suppose -4*x + 774 = 3*c, 0 = -5*c - 11 + d. Suppose -295 = -5*a + x. List the prime factors of a.
2, 7
Let a(w) = -5*w**2 + 0*w**2 + 14 - 4*w + 4*w**2 + 2*w**2. Let h be ((-28)/(-8))/((-2)/4). What are the prime factors of a(h)?
7, 13
List the prime factors of (-2130645)/(-275) + (-3)/(-15).
2, 13, 149
Let s(b) = 3*b**2. Let x be s(-1). Let g be 78/(x/1) - 4. List the prime factors of g/(2/(-3) - 21/(-18)).
2, 11
Suppose -13*i + 26 + 39 = 0. Suppose -2*u = i*k - 667, u = -5*k + 324 + 12. List the prime factors of u.
331
Suppose 77*i + 2*r - 62 = 72*i, -2*i + 4*r + 44 = 0. Let p(x) = 2*x - 3 + x - 7. What are the prime factors of p(i)?
2
Suppose 19*b = 258264 - 18734 + 126524. What are the prime factors of b?
2, 3, 13, 19
Let g(f) = -f**3 - 5*f**2 + 13*f - 3. Let h be 3/(-1) + -2 + -2. Let n be g(h). Suppose -2*r - 5*k + 71 = 0, 4*r - n*k - 110 = -38. List the prime factors of r.
23
Let n = -5483 - -9566